{"version":"1.0","provider_name":"Joven Esperanza e.V.","provider_url":"https:\/\/joven-esperanza.de\/es","author_name":"David Wenderdel","author_url":"https:\/\/joven-esperanza.de\/es\/blog\/author\/david\/","title":"Einladung zur Mitgliederversammlung 2026 - Joven Esperanza e.V.","type":"rich","width":600,"height":338,"html":"<blockquote class=\"wp-embedded-content\" data-secret=\"Zo6g1bxeYN\"><a href=\"https:\/\/joven-esperanza.de\/es\/blog\/einladung-zur-mitgliederversammlung-2026\/\">Einladung zur Mitgliederversammlung 2026<\/a><\/blockquote><iframe sandbox=\"allow-scripts\" security=\"restricted\" src=\"https:\/\/joven-esperanza.de\/es\/blog\/einladung-zur-mitgliederversammlung-2026\/embed\/#?secret=Zo6g1bxeYN\" width=\"600\" height=\"338\" title=\"&#8220;Einladung zur Mitgliederversammlung 2026&#8221; &#8212; Joven Esperanza e.V.\" data-secret=\"Zo6g1bxeYN\" frameborder=\"0\" marginwidth=\"0\" marginheight=\"0\" scrolling=\"no\" class=\"wp-embedded-content\"><\/iframe><script>\n\/*! This file is auto-generated *\/\n!function(d,l){\"use strict\";l.querySelector&&d.addEventListener&&\"undefined\"!=typeof URL&&(d.wp=d.wp||{},d.wp.receiveEmbedMessage||(d.wp.receiveEmbedMessage=function(e){var t=e.data;if((t||t.secret||t.message||t.value)&&!\/[^a-zA-Z0-9]\/.test(t.secret)){for(var s,r,n,a=l.querySelectorAll('iframe[data-secret=\"'+t.secret+'\"]'),o=l.querySelectorAll('blockquote[data-secret=\"'+t.secret+'\"]'),c=new RegExp(\"^https?:$\",\"i\"),i=0;i<o.length;i++)o[i].style.display=\"none\";for(i=0;i<a.length;i++)s=a[i],e.source===s.contentWindow&&(s.removeAttribute(\"style\"),\"height\"===t.message?(1e3<(r=parseInt(t.value,10))?r=1e3:~~r<200&&(r=200),s.height=r):\"link\"===t.message&&(r=new URL(s.getAttribute(\"src\")),n=new URL(t.value),c.test(n.protocol))&&n.host===r.host&&l.activeElement===s&&(d.top.location.href=t.value))}},d.addEventListener(\"message\",d.wp.receiveEmbedMessage,!1),l.addEventListener(\"DOMContentLoaded\",function(){for(var e,t,s=l.querySelectorAll(\"iframe.wp-embedded-content\"),r=0;r<s.length;r++)(t=(e=s[r]).getAttribute(\"data-secret\"))||(t=Math.random().toString(36).substring(2,12),e.src+=\"#?secret=\"+t,e.setAttribute(\"data-secret\",t)),e.contentWindow.postMessage({message:\"ready\",secret:t},\"*\")},!1)))}(window,document);\n\/\/# sourceURL=https:\/\/joven-esperanza.de\/wp-includes\/js\/wp-embed.min.js\n<\/script>","thumbnail_url":"https:\/\/joven-esperanza.de\/wp-content\/uploads\/2025\/12\/PXL_20251001_194420525-scaled.jpg","thumbnail_width":1922,"thumbnail_height":2560,"description":"Liebes Mitglied, liebe*r Unterst\u00fctzer*in von Joven Esperanza, das Jahr 2025 war f\u00fcr uns erneut gepr\u00e4gt von spannenden Entwicklungen \u2013 in Bolivien wie auch hier in Deutschland. Wie auf der letzten Mitgliederversammlung angek\u00fcndigt, wurde im vergangenen Jahr die lokale Stiftung \u201eCrece y Sue\u00f1a\u201c neu gegr\u00fcndet und hat ihre Arbeit aufgenommen. Sie verantwortet inzwischen den Projektalltag vor [&hellip;]"}

Liebes Mitglied, liebe*r Unterstützer*in von Joven Esperanza, das Jahr 2025 war für uns erneut geprägt von spannenden Entwicklungen – in Bolivien wie auch hier in Deutschland. Wie auf der letzten Mitgliederversammlung angekündigt, wurde im vergangenen Jahr die lokale Stiftung „Crece y Sueña“ neu gegründet und hat ihre Arbeit aufgenommen. Sie verantwortet inzwischen den Projektalltag vor [&hellip;]
