{"version":"1.0","provider_name":"Joven Esperanza e.V.","provider_url":"https:\/\/joven-esperanza.de\/es","author_name":"Joven Esperanza","author_url":"https:\/\/joven-esperanza.de\/es\/blog\/author\/admin\/","title":"Endlich wieder Lernen im PENADER - Joven Esperanza e.V.","type":"rich","width":600,"height":338,"html":"<blockquote class=\"wp-embedded-content\" data-secret=\"tLM4uVQ3K7\"><a href=\"https:\/\/joven-esperanza.de\/es\/blog\/endlich-wieder-lernen-im-penader\/\">Endlich wieder Lernen im PENADER<\/a><\/blockquote><iframe sandbox=\"allow-scripts\" security=\"restricted\" src=\"https:\/\/joven-esperanza.de\/es\/blog\/endlich-wieder-lernen-im-penader\/embed\/#?secret=tLM4uVQ3K7\" width=\"600\" height=\"338\" title=\"&#8220;Endlich wieder Lernen im PENADER&#8221; &#8212; Joven Esperanza e.V.\" data-secret=\"tLM4uVQ3K7\" frameborder=\"0\" marginwidth=\"0\" marginheight=\"0\" scrolling=\"no\" class=\"wp-embedded-content\"><\/iframe><script>\n\/*! This file is auto-generated *\/\n!function(d,l){\"use strict\";l.querySelector&&d.addEventListener&&\"undefined\"!=typeof URL&&(d.wp=d.wp||{},d.wp.receiveEmbedMessage||(d.wp.receiveEmbedMessage=function(e){var t=e.data;if((t||t.secret||t.message||t.value)&&!\/[^a-zA-Z0-9]\/.test(t.secret)){for(var s,r,n,a=l.querySelectorAll('iframe[data-secret=\"'+t.secret+'\"]'),o=l.querySelectorAll('blockquote[data-secret=\"'+t.secret+'\"]'),c=new RegExp(\"^https?:$\",\"i\"),i=0;i<o.length;i++)o[i].style.display=\"none\";for(i=0;i<a.length;i++)s=a[i],e.source===s.contentWindow&&(s.removeAttribute(\"style\"),\"height\"===t.message?(1e3<(r=parseInt(t.value,10))?r=1e3:~~r<200&&(r=200),s.height=r):\"link\"===t.message&&(r=new URL(s.getAttribute(\"src\")),n=new URL(t.value),c.test(n.protocol))&&n.host===r.host&&l.activeElement===s&&(d.top.location.href=t.value))}},d.addEventListener(\"message\",d.wp.receiveEmbedMessage,!1),l.addEventListener(\"DOMContentLoaded\",function(){for(var e,t,s=l.querySelectorAll(\"iframe.wp-embedded-content\"),r=0;r<s.length;r++)(t=(e=s[r]).getAttribute(\"data-secret\"))||(t=Math.random().toString(36).substring(2,12),e.src+=\"#?secret=\"+t,e.setAttribute(\"data-secret\",t)),e.contentWindow.postMessage({message:\"ready\",secret:t},\"*\")},!1)))}(window,document);\n\/\/# sourceURL=https:\/\/joven-esperanza.de\/wp-includes\/js\/wp-embed.min.js\n<\/script>","thumbnail_url":"https:\/\/joven-esperanza.de\/wp-content\/uploads\/2021\/04\/C6638651-8F5D-4398-9EB1-52E4B94FF7DC.jpeg","thumbnail_width":1024,"thumbnail_height":576,"description":"Fast ein Jahr fand coronabedingt kein Unterricht f\u00fcr die Kinder in Camiri statt. Da die Kinder ihr eigenes Grundst\u00fcck \u00fcber Monate gar nicht verlassen durften und die Schulen geschlossen hatten, war kein Pr\u00e4senzunterricht m\u00f6glich, und auch ein Fernunterricht mit Arbeitsauftr\u00e4gen etc. kam lange nicht zustande. Die Menschen hatten schlicht und ergreifend auch gr\u00f6\u00dfere Sorgen&#8230; Nachdem [&hellip;]"}

Fast ein Jahr fand coronabedingt kein Unterricht für die Kinder in Camiri statt. Da die Kinder ihr eigenes Grundstück über Monate gar nicht verlassen durften und die Schulen geschlossen hatten, war kein Präsenzunterricht möglich, und auch ein Fernunterricht mit Arbeitsaufträgen etc. kam lange nicht zustande. Die Menschen hatten schlicht und ergreifend auch größere Sorgen&#8230; Nachdem [&hellip;]
