{"version":"1.0","provider_name":"Joven Esperanza e.V.","provider_url":"https:\/\/joven-esperanza.de\/es","author_name":"Joven Esperanza","author_url":"https:\/\/joven-esperanza.de\/es\/blog\/author\/admin\/","title":"Wir suchen aktives Engagement... - Joven Esperanza e.V.","type":"rich","width":600,"height":338,"html":"<blockquote class=\"wp-embedded-content\" data-secret=\"AAMs9P6oqI\"><a href=\"https:\/\/joven-esperanza.de\/es\/blog\/wir-suchen-aktives-engagement\/\">Wir suchen aktives Engagement&#8230;<\/a><\/blockquote><iframe sandbox=\"allow-scripts\" security=\"restricted\" src=\"https:\/\/joven-esperanza.de\/es\/blog\/wir-suchen-aktives-engagement\/embed\/#?secret=AAMs9P6oqI\" width=\"600\" height=\"338\" title=\"&#8220;Wir suchen aktives Engagement&#8230;&#8221; &#8212; Joven Esperanza e.V.\" data-secret=\"AAMs9P6oqI\" frameborder=\"0\" marginwidth=\"0\" marginheight=\"0\" scrolling=\"no\" class=\"wp-embedded-content\"><\/iframe><script>\n\/*! This file is auto-generated *\/\n!function(d,l){\"use strict\";l.querySelector&&d.addEventListener&&\"undefined\"!=typeof URL&&(d.wp=d.wp||{},d.wp.receiveEmbedMessage||(d.wp.receiveEmbedMessage=function(e){var t=e.data;if((t||t.secret||t.message||t.value)&&!\/[^a-zA-Z0-9]\/.test(t.secret)){for(var s,r,n,a=l.querySelectorAll('iframe[data-secret=\"'+t.secret+'\"]'),o=l.querySelectorAll('blockquote[data-secret=\"'+t.secret+'\"]'),c=new RegExp(\"^https?:$\",\"i\"),i=0;i<o.length;i++)o[i].style.display=\"none\";for(i=0;i<a.length;i++)s=a[i],e.source===s.contentWindow&&(s.removeAttribute(\"style\"),\"height\"===t.message?(1e3<(r=parseInt(t.value,10))?r=1e3:~~r<200&&(r=200),s.height=r):\"link\"===t.message&&(r=new URL(s.getAttribute(\"src\")),n=new URL(t.value),c.test(n.protocol))&&n.host===r.host&&l.activeElement===s&&(d.top.location.href=t.value))}},d.addEventListener(\"message\",d.wp.receiveEmbedMessage,!1),l.addEventListener(\"DOMContentLoaded\",function(){for(var e,t,s=l.querySelectorAll(\"iframe.wp-embedded-content\"),r=0;r<s.length;r++)(t=(e=s[r]).getAttribute(\"data-secret\"))||(t=Math.random().toString(36).substring(2,12),e.src+=\"#?secret=\"+t,e.setAttribute(\"data-secret\",t)),e.contentWindow.postMessage({message:\"ready\",secret:t},\"*\")},!1)))}(window,document);\n\/\/# sourceURL=https:\/\/joven-esperanza.de\/wp-includes\/js\/wp-embed.min.js\n<\/script>","thumbnail_url":"https:\/\/joven-esperanza.de\/wp-content\/uploads\/2022\/02\/cropped-Vereinslogo.jpg","thumbnail_width":1100,"thumbnail_height":275,"description":"Social Media:Du hast Lust, unser Projekt \u00fcber Social Media noch bekannter zu machen und unsere Follower auf dem Laufenden zu halten? Dann w\u00fcrden wir uns sehr freuen, wenn du einen Posten im erweiterten Vorstand \u00fcbernehmen w\u00fcrdest. Neben den Treffen mit dem Vorstand und erweiterten Vorstand (alle zwei Monate) w\u00e4re dein Zeitaufwand f\u00fcr Social Media individuell. [&hellip;]"}

Social Media:Du hast Lust, unser Projekt über Social Media noch bekannter zu machen und unsere Follower auf dem Laufenden zu halten? Dann würden wir uns sehr freuen, wenn du einen Posten im erweiterten Vorstand übernehmen würdest. Neben den Treffen mit dem Vorstand und erweiterten Vorstand (alle zwei Monate) wäre dein Zeitaufwand für Social Media individuell. [&hellip;]
